*4/12 + 3*l**3/2 + 2*l**2 - 28*l. Calculate n(-7).
-10
Let p(y) = -10 - 5*y**3 - y**3 + 1 + 8*y + 7*y**3 - 7*y**2. Let s be p(6). Let x(f) = -2*f**2 - 3*f + f**3 + 4*f - 4 + 0*f**3. What is x(s)?
8
Suppose -5*s = -2*i - 19, 3*i = 7*i - 3*s + 3. Let u(w) = -6 + 3*w**2 - 3*w**2 + w**3 - 2*w**i. Calculate u(0).
-6
Let w(s) = s**2 + 5*s - 1. Let l(v) = -v**2 + 8*v + 5. Let k be l(9). Give w(k).
-5
Let y(m) = m + 1. Let h = -10 - -19. Let j(d) = -9*d**2 + 9*d + 3. Let p(s) = 4*s**2 - 5*s - 2. Let z(k) = 3*j(k) + 7*p(k). Let q be z(h). Determine y(q).
5
Let k = -3 + 2. Let o(i) = -i. Let h(f) be the first derivative of -3*f**2 - f - 3. Let r(t) = k*h(t) + 5*o(t). What is r(-3)?
-2
Let f(x) be the second derivative of 6*x + 0 + 3*x**2 - 1/12*x**4 - x**3. Determine f(-6).
6
Let l(h) = -h - 5*h**2 - 2*h - 5*h**2 + 9*h**2. Let r(u) = -u - 7. Let i be r(-5). What is l(i)?
2
Let i(o) = -3*o - 3. Suppose -5 = 2*x - 3*a, x + 2*x = -4*a - 16. Determine i(x).
9
Let a be (-2 + -6)*(-2)/4. Let m(j) = -j. Let t be m(-2). Let y(n) = -n - t + n - n + a. What is y(-4)?
6
Let r be -2 + (0 - -5) + 1. Suppose r*a = -a. Let d(f) = -f + 2. Calculate d(a).
2
Let i = -1 - -4. Suppose -5 = c + 6*z - 5*z, -4*c = i*z + 16. Let s(d) = 2*d**2 - 1. Calculate s(c).
1
Let h(p) be the first derivative of p**5/60 - p**4/6 + 2*p**3/3 - 1. Let w(a) be the third derivative of h(a). Determine w(5).
6
Let u(w) = w + 2. Suppose v - 6 = 3*m, 2*m = 4*m - v + 5. Let d = m + 4. Let s(r) = 2*r**2 - 5*r + 3. Let t be s(d). Calculate u(t).
8
Let k(d) = -3*d**3 - 32*d**2 + 3*d + 17. Let g = 8 + -2. Let f(u) = u**3 + 11*u**2 - u - 6. Let z(r) = g*k(r) + 17*f(r). Calculate z(-5).
-5
Let t be 4/(-18) - (-94)/18. Suppose 2*q + 10 = 2*n, -3*q + 3*n = 4*n - t. Let w(x) = x. Determine w(q).
0
Let o(f) be the third derivative of -f**6/120 + f**5/10 - f**4/6 + 5*f**3/6 + 21*f**2. Give o(5).
10
Let h be (-32)/(-6) + (-10)/(-15). Let p = h + -3. Let j(q) = -2 - 7*q + p*q + 3*q. Determine j(2).
-4
Let y(f) = -2*f - 4. Let a(n) = 3*n + 7. Let c(u) = 3*a(u) + 5*y(u). Let g = 0 + 1. Give c(g).
0
Let d(v) be the third derivative of -v**6/120 - 2*v**5/15 - v**4/3 - 3*v**3/2 - 8*v**2. Suppose 5*w = -14 - 21. Calculate d(w).
-2
Let f = 1 - -1. Let l(i) = -4*i + 0 - 3 + f*i + i. Suppose -5*b + 15 = 40. What is l(b)?
2
Let o(j) = -4*j**2 + 2*j - 3. Let d(k) = 7*k**2 - 5*k + 6. Let a(q) = -3*d(q) - 5*o(q). What is a(3)?
3
Let n = 0 - 1. Let t be 45/21 + n/7. Let j(a) = -2*a**3 + 3*a**2 - 3*a + 1. What is j(t)?
-9
Let j be (-2)/(-2)*-2*1. Let b(i) = -i + 1. Let k(d) = -2*d + 1. Let m(y) = -5*b(y) + 3*k(y). Let c(p) = -1. Let r(u) = 4*c(u) - 3*m(u). What is r(j)?
-4
Suppose -m = -2*s + 5, 0 = 5*s + 5*m + 10. Let c(w) = -6*w + w**3 + 10*w - 2*w - w**2 - w. What is c(s)?
1
Let w = -5 + 7. Let v(q) = -q**2 + 5*q**2 + w*q**3 + 0*q**2 + 2*q. Calculate v(-2).
-4
Let p(q) = q**3 - q. Let v(b) = 3*b**3 - 7*b**2 - 5*b - 7. Let o(h) = -4*p(h) + v(h). Calculate o(-7).
0
Suppose 0 = -8*y + 11*y - 3. Let x(o) = -3*o**2 + 1. Let b be x(y). Let t(z) = z**3 + 2*z**2 + 3*z + 3. Determine t(b).
-3
Let b(x) = -x**2 - 4*x - 1. Suppose 0 = 14*d + d + 60. What is b(d)?
-1
Let t = 2 + 4. Let x(h) = -h**2 - 2*h**2 + 2*h**2 + 0*h + 3*h + 3*h. Determine x(t).
0
Let g = 16 - 16. Let n(l) be the second derivative of g - l + 0*l**3 - 2*l**2 + 1/12*l**4. Give n(0).
-4
Suppose -12 = 2*o + 4*g, -g + 6*g = -25. Suppose o*z - z = -15. Let u(b) = -b - 5. Determine u(z).
0
Let c(y) = y - 10. Let w(f) = f**3 - 2*f**2 - 4*f + 3. Let z be w(3). What is c(z)?
-10
Let l = 7 + -5. Let g = l - -20. Let j be 8/52 + g/26. Let z(u) = 2*u**2 - 1. What is z(j)?
1
Let s be (6/7)/(6/28). Suppose 5*g + 2*n - 8 = -0*n, 2*n = -4*g + 6. Let w(u) = 0 - s*u**2 + 1 - u**g + 4*u + u**3 + 0*u**3. Determine w(3).
-5
Let j(b) be the third derivative of b**5/60 + b**4/4 + 2*b**3/3 - 25*b**2. What is j(-4)?
-4
Let t = -16 + 17. Let b(m) be the first derivative of -1/2*m**2 - t + m. Calculate b(-2).
3
Let f(t) = 4*t**2 + 4*t + 2. Let x(z) = z**2 + 2. Let j(p) = -f(p) + 3*x(p). Let s(r) = -5*r**2 - 1. Let l be s(1). Determine j(l).
-8
Let f(y) = y**3 - 7*y**2 - 8*y + 5. Let z(i) = i**3 - 8*i**2 - 8*i + 6. Let a(t) = 3*f(t) - 2*z(t). Calculate a(6).
-9
Let t(c) be the second derivative of c**5/20 - c**4/4 + c**3/3 - 3*c**2/2 - 14*c. Calculate t(3).
3
Let a(n) = 5*n - 13 - 1 - 6*n. Give a(-7).
-7
Let b(g) = g**3 - 5*g**2 - 8*g + 8. Let i(j) = -j**2 - 6*j + 5. Let u be i(-7). Let q be (1/2 + u)*-4. Give b(q).
-4
Let y(c) = -6*c**2 - 1. Let n = -10 - -7. Let x be (-2)/(9/n + 5). What is y(x)?
-7
Let b(m) = -5*m**2 + 13*m - 7. Let z(r) = -12*r**2 + 27*r - 15. Let c(g) = 5*b(g) - 2*z(g). Give c(11).
-5
Let r = 7 - 4. Suppose -10 = -3*u - 5*y, 5*y = r*u + 11 - 31. Let x(t) = -3*t - t**2 + 0*t**3 + 3 - 4*t**3 + u*t**3. Determine x(2).
1
Let q be (-1 - -2)*(9 + -4). Let a be 1/(2 - 3/2). Let i(o) = 2*o - 3*o - o**2 - q - a + 2*o. What is i(0)?
-7
Let k(q) = -q**2 - 7*q - 5. Suppose 5*v + 6 + 14 = 0. Determine k(v).
7
Suppose -8 + 3 = 5*m. Let l(o) = 27*o - 5. Let w(a) = -50*a + 9. Let n(k) = 7*l(k) + 4*w(k). Calculate n(m).
12
Let t(h) be the second derivative of 0 + 1/6*h**3 - 4*h**2 - h. Give t(0).
-8
Let r(v) be the second derivative of v**6/360 + v**5/24 + v**4/12 + v**3/2 - v. Let o(j) be the second derivative of r(j). What is o(-5)?
2
Let l(k) = k**3 - 4*k**2 - 9*k - 7. Let h(i) = 2*i**3 - 3*i**2 - 10*i - 8. Let g(z) = -2*h(z) + 3*l(z). Determine g(-5).
5
Suppose 2*y - 2*f + 10 = 0, 4*y = f - 3*f - 50. Let r = y - -5. Let v(a) = 21*a + 35. Let z(w) = 4*w + 7. Let p(c) = -2*v(c) + 11*z(c). Give p(r).
-3
Let d(c) = c + 1. Suppose 2*h + 10 = 0, 3*z - 3*h = 2*h + 28. Suppose -2*i - 5 = -z. What is d(i)?
-1
Let j = -7 - -1. Let v(w) = w**3 + 7*w**2 + 4*w. Calculate v(j).
12
Let f(r) be the third derivative of r**5/60 - 7*r**4/24 + 2*r**3/3 + r**2. Determine f(4).
-8
Suppose 5*k - 50 = -5*b, -7*b - 4 = -4*k - 2*b. Let h(z) = z**2 - 3*z + 1. Determine h(k).
19
Suppose 2*t = -4 - 2. Let q(i) be the third derivative of i**6/120 + i**5/20 + i**3/3 - i**2. Determine q(t).
2
Let g(d) = -d**3 + 3*d**2 + 2*d + 3. Let f be g(4). Suppose 0*c + c = 3. Let b(j) = 3 - 6*j**2 - j**c + 4*j - 2 + 0*j**3 + 2*j**2. Give b(f).
6
Let h(t) = t**2 - t - 1. Let x = 10 - 6. Suppose 0 = -x*m - 4. What is h(m)?
1
Let s be 4/12 + (-4)/(-6). Suppose -l + 3 + s = -4*t, -5*l + 20 = t. Let b(r) be the third derivative of r**4/24 - 3*r**2. What is b(t)?
0
Let r(n) = n - 3. Suppose -5*s - 4*d + 105 = 0, 5*s = s - 2*d + 90. Suppose -4*l - l = s. Determine r(l).
-8
Let v(h) = 2*h**3 - 8*h - 5*h**2 + 9 - 2*h**3 + 0*h + h**3. What is v(6)?
-3
Let z(w) be the second derivative of 2/3*w**3 + 3/2*w**2 + 1/20*w**5 + 1/3*w**4 + 3*w + 0. Calculate z(-2).
3
Let u be -5*6/(-15) - 7. Suppose r = -3*r + 12. Let c(g) = g**2 + r + 6*g + 9 - 5. What is c(u)?
2
Let c(l) be the first derivative of -l**2/2 - l + 5. Give c(6).
-7
Let s(w) be the first derivative of -w**4/4 - 2*w**3 + w**2/2 + 6*w + 1. Suppose -b + 18 = -4*b. What is s(b)?
0
Let h be (-34)/(-6) - 2/3. Suppose 5*a + s = 11, -3*a + s - h = -5*a. Let r(l) = -3*l + 2*l + 2*l. Give r(a).
2
Let o be -2*(-3)/(-6)*1. Let j = 7 + o. Let g(y) = -5*y**3 - 3*y**2 + j*y**3 - 2 - 2. Determine g(3).
-4
Let v(q) = q - 1. Suppose 4*f = 8, 0 = -5*p - 4*f - 31 - 1. Calculate v(p).
-9
Let c(b) = 82 + b**3 + b**3 + 3*b**2 - 83. Let s = -7 + 12. Let k = s + -7. Determine c(k).
-5
Let d(w) = -13*w**3 - 2*w**2 + 4*w - 1. Let t(i) = 24*i**2 + 0*i + i - 25*i**2. Let j(a) = -d(a) + 3*t(a). Determine j(1).
12
Let n = 2 - 1. Let y = 6 + -1. Let j(b) = -2*b + n + 1 - y. Determine j(-4).
5
Let y(f) = -f**3 + f**2. Let n(w) = -2*w**3 + 2*w**2 + 4*w - 3. Let k(r) = n(r) - y(r). Let a(o) = -o**3 - 5*o**2 - 5*o - 2. Let i be a(-4). Give k(i).
1
Let z(b) = -3*b + 1. Let x be z(0). Let w(u) = -6*u**3 + 2*u**2 + 0*u - u + 0*u. What is w(x)?
-5
Let d(k) = -7*k**2 - 2*k + 13. Let w(a) = -15*a**2 - 5*a + 27. Let n(b) = -13*d(b) + 6*w(b). Let l = 16 - 10. Determine n(l).
5
Let q(f) = f**3 - 3*f**2 - 2*f - 5. Let m(g) = -5*g**3 + 12*g**2 + 7*g + 21. Let v(l) = 2*m(l) + 9*q(l). What is v(-2)?
1
Let l(a) be the first derivative of 3*a**2 - a + 13. What is l(1)?
5
Let i be 22/6 + (-1)/(-3). Suppose -2*m = 5*k - i*k + 6